40 and 503891480.
40
What is the highest common divisor of 12261518 and 1314?
146
Calculate the highest common factor of 137 and 561747.
1
What is the greatest common factor of 6732267 and 74202?
447
What is the highest common factor of 49896141 and 1211?
173
What is the greatest common factor of 9028 and 408760756?
9028
Calculate the greatest common factor of 1018150 and 350.
350
Calculate the highest common factor of 145060 and 240.
20
Calculate the highest common factor of 448 and 14166887.
7
What is the highest common factor of 118497915 and 1015?
145
What is the greatest common divisor of 73499286 and 126?
42
Calculate the highest common factor of 4735752 and 552.
24
What is the highest common factor of 4277651 and 49?
49
What is the greatest common factor of 10 and 18324700?
10
What is the greatest common divisor of 3154873 and 786?
131
What is the greatest common divisor of 7840 and 182528?
32
Calculate the highest common factor of 1115 and 57133715.
1115
Calculate the greatest common factor of 43163327 and 2249.
173
Calculate the greatest common factor of 539593 and 1219.
53
Calculate the greatest common divisor of 22128594 and 102.
102
What is the highest common divisor of 393040 and 1140?
20
Calculate the highest common divisor of 342315288 and 288.
72
Calculate the greatest common factor of 4660740 and 336555.
1215
What is the greatest common divisor of 343972890 and 15?
15
Calculate the highest common factor of 4708 and 6984532.
428
Calculate the highest common divisor of 914808294 and 18.
18
What is the greatest common divisor of 1223 and 23808141?
1223
Calculate the greatest common divisor of 64 and 27007168.
64
What is the greatest common factor of 18625080 and 592?
8
What is the greatest common divisor of 364 and 46060?
28
Calculate the greatest common factor of 23520 and 3908680.
40
What is the greatest common factor of 88035 and 61770?
15
Calculate the highest common factor of 1189 and 14344055.
41
What is the greatest common divisor of 68640 and 9888?
96
What is the highest common divisor of 2867177 and 6025?
241
Calculate the greatest common factor of 924896 and 38752.
224
What is the highest common divisor of 1182 and 1562998?
394
Calculate the greatest common divisor of 2166542 and 8.
2
Calculate the greatest common factor of 35825220 and 540.
540
Calculate the highest common divisor of 3339 and 2043945.
477
What is the greatest common factor of 327 and 810851?
109
What is the greatest common divisor of 91476 and 277074?
378
Calculate the highest common factor of 129396 and 377856.
492
Calculate the highest common factor of 6940229 and 37288.
4661
What is the greatest common factor of 16080 and 53520?
240
Calculate the greatest common divisor of 978967558 and 212.
106
Calculate the greatest common divisor of 605997 and 441.
63
What is the highest common factor of 1701 and 71940393?
1701
Calculate the greatest common factor of 10643 and 1346523.
367
What is the highest common factor of 7178782 and 2536?
634
What is the highest common divisor of 70560 and 5750?
10
Calculate the greatest common divisor of 2671450 and 699425.
2525
What is the greatest common factor of 14 and 498677102?
14
Calculate the highest common factor of 8186222 and 28426.
466
Calculate the highest common factor of 907863 and 4182.
123
What is the highest common factor of 2168096 and 119?
7
Calculate the greatest common factor of 1576429 and 3189.
1063
What is the greatest common divisor of 1962029 and 1413?
157
What is the greatest common divisor of 88 and 1053928?
8
Calculate the greatest common divisor of 280 and 5146360.
40
What is the greatest common divisor of 31636 and 25520?
44
What is the highest common factor of 872 and 274324333?
109
What is the highest common factor of 2088 and 55142688?
696
Calculate the greatest common divisor of 5400 and 312088.
8
What is the greatest common factor of 7472179 and 715?
143
What is the greatest common factor of 24220 and 1343345?
865
Calculate the highest common divisor of 7718372 and 377252.
10196
What is the highest common factor of 38934 and 951939?
27
Calculate the highest common factor of 171 and 714168.
9
What is the highest common factor of 751455 and 1905?
15
Calculate the highest common divisor of 115043 and 5597.
29
Calculate the highest common divisor of 28 and 21233492.
28
What is the greatest common factor of 47403 and 3748959?
2061
What is the highest common factor of 261849686 and 14?
14
What is the highest common factor of 71463 and 22462041?
1743
Calculate the greatest common divisor of 15749380 and 60.
20
Calculate the greatest common factor of 195072 and 8556.
12
What is the highest common divisor of 275 and 9488281?
11
Calculate the greatest common divisor of 6028351 and 141547.
1939
Calculate the greatest common factor of 209543232 and 60.
12
Calculate the greatest common divisor of 144 and 228366.
18
Calculate the greatest common divisor of 141 and 55165968.
141
Calculate the greatest common divisor of 32630 and 2129735.
1255
What is the highest common divisor of 76541929 and 877?
877
What is the highest common divisor of 2112 and 106546?
22
What is the highest common divisor of 4587765 and 83265?
1365
What is the highest common divisor of 445940230 and 1306?
1306
Calculate the greatest common factor of 1713098 and 16.
2
Calculate the highest common factor of 216462 and 1333.
43
Calculate the greatest common divisor of 8322 and 26412774.
114
Calculate the greatest common factor of 1130 and 1247068.
226
What is the highest common divisor of 6589 and 172469?
11
Calculate the greatest common factor of 3240 and 66570498.
162
Calculate the highest common factor of 83589 and 380919.
561
Calculate the greatest common factor of 8977535 and 3185.
245
Calculate the highest common divisor of 30 and 3230030.
10
What is the highest common divisor of 1956917 and 12991?
1181
Calculate the greatest common factor of 2923563 and 38089.
929
What is the highest common factor of 98589 and 132?
3
What is the greatest common divisor of 6910 and 728540?
10
Calculate the highest common factor of 134273724 and 15.
3
What is the greatest common factor of 2579440 and 44080?
1520
What is the greatest common divisor of 624238351 and 2827?
2827
What is the highest common factor of 925697825 and 325?
325
What is the greatest common factor of 5168 and 52018504?
2584
Calculate the highest common factor of 585 and 102811635.
45
What is the highest common factor of 177 and 313179?
3
What is the greatest common divisor of 60 and 2724608940?
60
What is the highest common divisor of 436016668 and 1814?
1814
What is the highest common divisor of 1910 and 2520818?
382
What is the greatest common divisor of 127086 and 24445746?
2154
Calculate the highest common factor of 102 and 65546254.
34
Calculate the greatest common divisor of 32 and 513144.
8
What is the highest common factor of 71275875 and 1617?
33
Calculate the greatest common divisor of 821011719 and 289.
289
Calculate the highest common divisor of 9384 and 13364380.
1564
What is the highest common factor of 18 and 134585784?
18
Calculate the highest common divisor of 5 and 120625555.
5
What is the highest common factor of 5627310 and 16770?
390
What is the highest common factor of 5 and 69191455?
5
Calculate the greatest common divisor of 36237498 and 21288.
5322
Calculate the greatest common divisor of 2232 and 3713644008.
2232
What is the highest common divisor of 25201 and 9326108?
869
Calculate the highest common factor of 307453216 and 288.
32
Calculate the highest common divisor of 891 and 194902026.
33
What is the highest common factor of 828711 and 92664?
1053
Calculate the highest common divisor of 4692 and 114696492.
276
Calculate the greatest common factor of 16252 and 38080.
68
Calculate the highest common divisor of 63 and 312901.
1
What is the greatest common factor of 2858820 and 1044?
348
What is the greatest common factor of 5582057 and 65?
13
Calculate the highest common divisor of 382932270 and 1260.
630
Calculate the greatest common factor of 51 and 45831.
3
What is the greatest common factor of 5578453 and 111?
37
Calculate the highest common divisor of 1864791518 and 38.
38
What is the greatest common divisor of 13268980 and 8027?
349
Calc